2
What is the tens digit of 1225424?
2
What is the hundreds digit of 790114?
1
What is the tens digit of 301792?
9
What is the ten thousands digit of 2854551?
5
What is the hundred thousands digit of 726253?
7
What is the units digit of 973172?
2
What is the units digit of 2080937?
7
What is the ten thousands digit of 6381081?
8
What is the hundreds digit of 12436291?
2
What is the ten thousands digit of 679079?
7
What is the thousands digit of 711164?
1
What is the tens digit of 4281050?
5
What is the millions digit of 7453816?
7
What is the hundreds digit of 34721071?
0
What is the millions digit of 5241421?
5
What is the ten thousands digit of 1719698?
1
What is the ten thousands digit of 250681?
5
What is the ten thousands digit of 7361236?
6
What is the thousands digit of 5671558?
1
What is the units digit of 262622?
2
What is the tens digit of 22517713?
1
What is the thousands digit of 22094605?
4
What is the hundred thousands digit of 16896127?
8
What is the hundred thousands digit of 987869?
9
What is the tens digit of 1101972?
7
What is the ten thousands digit of 71259?
7
What is the tens digit of 5552129?
2
What is the hundred thousands digit of 8244009?
2
What is the units digit of 781400?
0
What is the hundreds digit of 140001?
0
What is the ten millions digit of 28225644?
2
What is the hundreds digit of 94680?
6
What is the ten thousands digit of 38185?
3
What is the thousands digit of 248311?
8
What is the thousands digit of 49794?
9
What is the tens digit of 768204?
0
What is the millions digit of 5354709?
5
What is the hundreds digit of 344617?
6
What is the thousands digit of 874046?
4
What is the tens digit of 2551860?
6
What is the units digit of 221727?
7
What is the thousands digit of 3614775?
4
What is the hundred thousands digit of 107208?
1
What is the units digit of 153310?
0
What is the tens digit of 6938866?
6
What is the hundred thousands digit of 259630?
2
What is the hundreds digit of 13333403?
4
What is the tens digit of 235076?
7
What is the millions digit of 2633745?
2
What is the ten thousands digit of 1853204?
5
What is the tens digit of 680211?
1
What is the hundred thousands digit of 6282532?
2
What is the hundreds digit of 1482637?
6
What is the ten thousands digit of 421392?
2
What is the units digit of 375803?
3
What is the thousands digit of 362631?
2
What is the hundred thousands digit of 3674363?
6
What is the hundreds digit of 143291?
2
What is the tens digit of 3822222?
2
What is the tens digit of 200988?
8
What is the units digit of 300889?
9
What is the millions digit of 3184234?
3
What is the tens digit of 1403757?
5
What is the hundred thousands digit of 351861?
3
What is the ten thousands digit of 3746012?
4
What is the tens digit of 1135509?
0
What is the millions digit of 1364536?
1
What is the millions digit of 1017732?
1
What is the units digit of 1330462?
2
What is the hundreds digit of 19528223?
2
What is the units digit of 16686?
6
What is the ten thousands digit of 343806?
4
What is the hundreds digit of 113642?
6
What is the hundreds digit of 2890294?
2
What is the hundreds digit of 443720?
7
What is the tens digit of 1380011?
1
What is the tens digit of 778788?
8
What is the hundred thousands digit of 10298422?
2
What is the units digit of 3375169?
9
What is the thousands digit of 482022?
2
What is the hundreds digit of 2016450?
4
What is the units digit of 1522973?
3
What is the hundred thousands digit of 3002544?
0
What is the hundred thousands digit of 104794?
1
What is the hundred thousands digit of 11209109?
2
What is the units digit of 303403?
3
What is the thousands digit of 101987?
1
What is the ten thousands digit of 407098?
0
What is the ten thousands digit of 172823?
7
What is the hundred thousands digit of 13504481?
5
What is the hundreds digit of 592584?
5
What is the units digit of 2472279?
9
What is the units digit of 2597654?
4
What is the ten millions digit of 16400590?
1
What is the hundreds digit of 609566?
5
What is the units digit of 77242?
2
What is the hundreds digit of 299887?
8
What is the ten thousands digit of 13375081?
7
What is the ten thousands digit of 325230?
2
What is the hundreds digit of 84910?
9
What is the thousands digit of 95062?
5
What is the ten thousands digit of 4014624?
1
What is the ten thousands digit of 61920?
6
What is the units digit of 1279956?
6
What is the hundred thousands digit of 3959979?
9
What is the millions digit of 3278217?
3
What is the thousands digit of 273959?
3
What is the units digit of 49027?
7
What is the ten thousands digit of 1257901?
5
What is the tens digit of 264289?
8
What is the hundred thousands digit of 1486747?
4
What is the thousands digit of 975898?
5
What is the units digit of 704035?
5
What is the hundred thousands digit of 14091333?
0
What is the hundred thousands digit of 20029204?
0
What is the ten thousands digit of 253592?
5
What is the thousands digit of 150525?
0
What is the hundreds digit of 520905?
9
What is the ten thousands digit of 351063?
5
What is the thousands digit of 1123623?
3
What is the tens digit of 353272?
7
What is the tens digit of 8828865?
6
What is the thousands digit of 3935631?
5
What is the units digit of 1589704?
4
What is the units digit of 1340807?
7
What is the hundred thousands digit of 505344?
5
What is the hundreds digit of 4053587?
5
What is the ten millions digit of 14144588?
1
What is the hundreds digit of 125758?
7
What is the hundred thousands digit of 1337529?
3
What is the thousands digit of 7714403?
4
What is the hundreds digit of 18278605?
6
What is the units digit of 897110?
0
What is the millions digit of 1423773?
1
What is the thousands digit of 12467797?
7
What is the tens digit of 6028?
2
What is the tens digit of 261890?
9
What is the tens digit of 37270?
7
What is the units digit of 7562741?
1
What is the units digit of 66935?
5
What is the units digit of 21791?
1
What is the thousands digit of 14779454?
9
What is the thousands digit of 201153?
1
What is the thousands digit of 345212?
5
What is the thousands digit of 439448?
9
What is the units digit of 33827?
7
What is the millions digit of 34192945?
4
What is the thousands digit of 22837743?
7
What is the units digit of 5063355?
5
What is the thousands digit of 1759224?
9
What is the hundreds digit of 103921?
9
What is the tens digit of 7822?
2
What is the units digit of 851654?
4
What is the ten thousands digit of 656357?
5
What is the thousands digit of 314199?
4
What is the thousands digit of 210110?
0
What is the hundreds digit of 7963018?
0
What is the ten thousands digit of 37872704?
7
What is the ten thousands digit of 6437958?
3
What is the hundreds digit of 4422320?
3
What is the hundred thousands digit of 4834617?
8
What is the tens digit of 80974?
7
What is the tens digit of 4554244?
4
What is the thousands digit of 4146701?
6
What is the units digit of 2543731?
1
What is the units digit of 266420?
0
What is the units digit of 278660?
0
What is the thousands digit of 5151828?
1
What is the ten thousands digit of 307224?
0
What is the tens digit of 214019?
1
What is the tens digit of 734435?
3
What is the thousands digit of 398461?
8
What is the units digit of 1027286?
6
What is the units digit of 894829?
9
What is the millions digit of 1664542?
1
What is the units digit of 741888?
8
What is the units digit of 1964018?
8
What is the units digit of 516656?
6
What is the hundreds digit of 6969350?
3
What is the tens digit of 599955?
5
What is the units digit of 14549?
9
What is the thousands digit of 1317472?
7
What is the units digit of 2243182?
2
What is the tens digit of 494917?
1
What is the thousands digit of 246981?
6
What is the thousands digit of 1629245?
9
What is the hundred thousands digit of 2331923?
3
What is the thousands digit of 1600863?
0
What is the ten thousands digit of 227730?
2
What is the ten thousands digit of 195116?
9
What is the ten thousands digit of 5730620?
3
What is the units digit of 149503?
3
What is the hundreds digit of 5992967?
9
What is the units digit of 9409363?
3
What is the ten thousands digit of 32199?
3
What is the tens digit of 329200?
0
What is the thousands digit of 47052?
7
What is the hundreds digit of 278930?
9
What is the hundred thousands